List the prime factors of (-3 + l)*(0 + -2).
2
Let z = -20 - -30. Let k = z - -32. List the prime factors of k.
2, 3, 7
Suppose -r = -7 - 7. What are the prime factors of r?
2, 7
Let q = -1 + 1. Suppose q*x + 2*x = 0. Suppose -2*o + a + 9 = x, -4*a = -4*o - 7 + 23. What are the prime factors of o?
5
Suppose 8*d - 6*d = 14. Let i = -3 + d. What are the prime factors of i?
2
Suppose 4*y + 735 = 3*p - 0*y, -4*p = -4*y - 984. What are the prime factors of p?
3, 83
Suppose -11 + 39 = 4*q. List the prime factors of q.
7
Suppose 0 = 4*n - 576 - 424. What are the prime factors of n?
2, 5
Suppose -4*w + 0*w + 882 = r, -w = -r - 223. List the prime factors of w.
13, 17
List the prime factors of (-2 - 0)/(5*(-8)/500).
5
Let v be 3/((-4)/5 + 1). Let k = -11 + v. What are the prime factors of k?
2
What are the prime factors of (1 - 2)/((-2)/314)?
157
Suppose 65 = 5*d - d - t, -3*t = -3*d + 51. Let k(b) = b + 3. Let j be k(0). Suppose -5*a + 4*v - d = -j*a, -15 = -3*v. What are the prime factors of a?
2
Let p = -48 + 97. Let h = 80 - p. What are the prime factors of h?
31
Suppose 3*t + 45 = 3*b, -75 = -10*b + 5*b - 4*t. List the prime factors of b.
3, 5
Let f(z) = -6*z + 3 + z - 4 + 3*z**2. What are the prime factors of f(4)?
3
Let p be -3 - -18*1 - 0. What are the prime factors of (-3)/p + (-41)/(-5)?
2
Suppose -4 = z - 31. What are the prime factors of z?
3
Let g = 5 + 0. Suppose 4*d + 4*i - 143 = 3*i, i = -d + 35. Suppose c = g*c - d. What are the prime factors of c?
3
Let q = -2 - -5. Suppose -2*d = -7*d + 295. Suppose -d + 20 = -q*k. List the prime factors of k.
13
Let y = -1 + 3. Let o(k) = -3*k**2 + k + 1. Let r be o(y). Let w = 3 - r. List the prime factors of w.
2, 3
Let g = 20 + -20. Suppose 4*n - 3*m - 44 = g, 5*m = n - 5*n + 12. List the prime factors of n.
2
Let a = -94 + 97. List the prime factors of a.
3
Let i(z) = 5*z**2 - 2*z + 1. Let l be i(1). Suppose 3*o - 2*s = 71, l*o + 21 = -s + 123. Suppose x - 6*x = -o. List the prime factors of x.
5
Let w(i) = 6*i - 2. What are the prime factors of w(2)?
2, 5
Suppose -944 = -20*o + 4*o. What are the prime factors of o?
59
Let v = 14 + -9. Let i(a) = a**2 - 2*a - 3. What are the prime factors of i(v)?
2, 3
Let k(b) = b - b - b + 6. List the prime factors of k(-8).
2, 7
Let z(n) = n**2 + 7*n - 4. Let o be z(-8). Suppose 0*l + 2*l - 82 = -2*a, 4*a - l - 139 = 0. Suppose v - o*v + a = 0. List the prime factors of v.
2, 3
Let n(t) = t**3 - 4*t**2 + 5*t. Let m be n(4). Let f = -6 - 6. Let b = f + m. List the prime factors of b.
2
Let g(c) = 84*c**3 + c**2 - 2*c + 1. List the prime factors of g(1).
2, 3, 7
Let f = -69 - -158. What are the prime factors of f?
89
Suppose -3*t + 25 = -w, 0 = -5*t + 4*w + 31 + 13. What are the prime factors of t?
2
Let h = -8 + 11. Let m = 13 - h. List the prime factors of m.
2, 5
Let y(q) = -q + 7. Let p be y(5). Suppose h + 3 = -3*h - z, 0 = -4*h + 4*z + 12. Let r = h + p. List the prime factors of r.
2
Let t = 0 + 8. Let h be 0/(-1)*4/t. What are the prime factors of 2*((-33)/(-6) + h)?
11
Let d(c) = -3*c + 11. Let h be d(-12). Let u = h - 31. List the prime factors of u.
2
Suppose 10 = -5*a + 5*l, 2*a + 0 = 3*l - 3. Let k be a/6 + 111/6. Let i = -6 + k. List the prime factors of i.
2, 3
Suppose a - 3*a = -k - 8, 5*a - 20 = -4*k. Suppose h + 5*y + 9 = -1, k = -3*h - 5*y. Suppose 4*c = l + 21, h*c + l = 2*l + 27. What are the prime factors of c?
2, 3
Let f = -33 + 47. Suppose t + 5 + 1 = a, -a + 5*t - f = 0. List the prime factors of a.
11
List the prime factors of 5/10 - ((-2121)/6 - 1).
5, 71
Let l = 4 - 2. Suppose l*k - 6 = 8. Suppose -2*y - 2*t + 7*t = k, 3*t + 7 = 4*y. What are the prime factors of y?
2
Suppose 0 = -3*h + 2*h + 5, d + 16 = 3*h. Let n = 1 - d. What are the prime factors of n?
2
Let k be 1*(1 + 1 - 3). Let o = k + 10. What are the prime factors of o?
3
Suppose 4*k - 258 + 10 = 0. What are the prime factors of k?
2, 31
Let s(z) = 40*z + 2. What are the prime factors of s(1)?
2, 3, 7
Let v(z) = z**2 + 2. Let y be v(0). Suppose 0 = g - y - 3. What are the prime factors of g?
5
Let c(r) = -10*r**3 - 40*r**2 + 28*r - 58. Let j(x) = 7*x**3 + 27*x**2 - 19*x + 39. Let m(z) = 5*c(z) + 7*j(z). What are the prime factors of m(-12)?
43
Let f(x) = x**3 - 6*x**2 - 6*x + 3. Let i be f(7). Suppose -5*j - i + 40 = 0. List the prime factors of j.
2, 3
Let i(f) = f**2 - 15*f + 14. Let h(t) = 3*t**2 - 29*t + 29. Let d(c) = -2*h(c) + 5*i(c). What are the prime factors of d(-15)?
2, 3, 7
Let p = 57 - 39. Suppose i = -5*l + p + 34, -5*l + 70 = -5*i. List the prime factors of l.
11
Suppose -2*u - 16 = -44. Let o = -1 + u. What are the prime factors of o?
13
Let w be 5/(10/6) - -2. Suppose 3 - 9 = 5*o + 4*m, w*m + 18 = -o. Suppose -50 = -5*d - o*r, -5*r = -5*d - 0*r + 15. What are the prime factors of d?
2
Suppose -2*a - a = -9. Suppose -a*w + 5*d = -20 - 21, -5*d = -10. List the prime factors of w.
17
Let m(z) = -z**3 - z**2 + 9*z - 9. What are the prime factors of m(-8)?
367
Let r(z) = -4*z**2 + 2*z + 1. Let s be r(-1). Let p be -1 - 4/2 - s. Suppose -16 = o - p*o. What are the prime factors of o?
2
Suppose -4 + 1 = -3*h. Suppose d = -4*c + 16, c - 56 = -5*d - 14. Let x = d - h. What are the prime factors of x?
7
Let r = -14 - -23. List the prime factors of (-6)/2*(-24)/r.
2
Let a(w) = w + 0*w - 2*w + 5*w**2 + 9*w**2. List the prime factors of a(1).
13
Suppose 0 = 4*s + 1 - 17. Suppose s*d - 78 = -2*r, 2*r + 39 = -3*d + 112. List the prime factors of r.
29
Let r be 32/(-12)*(-3)/2. Suppose r*f - 82 = 5*q - 11, f - 17 = 2*q. What are the prime factors of f?
19
Let w(l) = -l**3 - 6*l**2 + 5*l - 8. Let y be w(-7). Suppose y*n - 10*n + 20 = 0. List the prime factors of n.
5
Suppose 0*z + 126 = 5*u - z, 0 = 5*u + 5*z - 120. What are the prime factors of u?
5
Let c(a) = 3*a - 5. Let j(d) = d - 2. Let q(n) = -3*c(n) + 8*j(n). What are the prime factors of q(-4)?
3
Let v(d) be the third derivative of -d**5/60 - 3*d**4/8 - 5*d**3/6 + 2*d**2. Suppose -6*h + 2*h - n - 22 = 0, 0 = -h - 2*n - 2. List the prime factors of v(h).
13
Let s(b) = -77*b - 56. Let c(n) = -4*n - 3. Let u(t) = -56*c(t) + 3*s(t). Let i be u(2). Let a = 26 + i. List the prime factors of a.
2, 3
Let a(s) = -44*s + 2. List the prime factors of a(-1).
2, 23
Let n be (-44)/36 - (-2)/9. Let o be (-3 - -2)*(n + -3). Let v(d) = d**3 - 4*d**2 + 2*d - 1. What are the prime factors of v(o)?
7
Let t(i) be the second derivative of i**5/20 + 2*i**4/3 + 4*i**3/3 - 3*i**2 - 3*i. What are the prime factors of t(-6)?
2, 3
Suppose -4*u + 2*w + 50 = 0, 2*w = -3*u - 2*w + 43. What are the prime factors of u?
13
Let c(a) = -26*a**3 - a. List the prime factors of c(-1).
3
Let b = 4 - 2. What are the prime factors of (-1)/((-2)/(12 + b))?
7
Suppose -8*u + 3*u + 20 = 0. Let f be (-6)/(-5)*(-20)/u. What are the prime factors of (-44)/(-6) - f/9?
2
What are the prime factors of ((-392)/16)/(4/(-8))?
7
Suppose s - 12 + 4 = 0. Let y = s + -5. What are the prime factors of y?
3
Suppose 3 = -8*w + 9*w. Let r(z) = 3*z**2. Let x be r(-4). Suppose t + w*t = x. List the prime factors of t.
2, 3
Let z(f) = 3*f**2. Let j(i) = -7*i**2 - i - 1. Let h(g) = -4*j(g) - 9*z(g). Let q = -3 - 2. List the prime factors of h(q).
3
Let t(p) = -3*p**3 - 6*p**2 - 4. Let r(n) = -16*n**3 - 31*n**2 - 21. Let h(o) = 2*r(o) - 11*t(o). List the prime factors of h(-3).
11
Let r = 64 + -20. What are the prime factors of r?
2, 11
Suppose 4*l - 210 = -2*y, -297 = -7*y + 4*y + 3*l. List the prime factors of y.
101
Let x(t) = -t**3 - 5*t**2 - 5*t - 2. Let a(o) = 3*o**3 + 10*o**2 + 10*o + 3. Let z(u) = 2*a(u) + 5*x(u). List the prime factors of z(6).
2
Let c be ((-2)/(-6))/((-6)/(-1044)). Suppose 3*j + c = 5*j. List the prime factors of j.
29
Let t(d) = d + 0*d - 4 + d**2 + d + 3. Let u be t(-3). Suppose -o + u*o - 13 = 0. What are the prime factors of o?
13
Suppose y + 3*k - 258 = -y, -k = 4. List the prime factors of y.
3, 5
Let o(s) = -2*s + 14. Let q be o(6). Suppose -q*x = -x - 21. What are the prime factors of x?
3, 7
Let c = -325 - -501. List the prime factors of c.
2, 11
Let d(c) = c + 25. Let n(r) = -1. Let o(x) = d(x) + 5*n(x). What are the prime factors of o(0)?
2, 5
Suppose 3*t = -5*u + t + 71, u + 4*t - 7 = 0. What are the prime factors of u?
3, 5
Let c(y) = y**